{"id":372,"date":"2022-12-15T14:22:43","date_gmt":"2022-12-15T11:22:43","guid":{"rendered":"https:\/\/rafus-academy.com\/?page_id=372"},"modified":"2023-11-02T11:24:11","modified_gmt":"2023-11-02T08:24:11","slug":"%d0%b3%d0%bb%d0%b0%d0%b2%d0%bd%d0%b0%d1%8f-%d0%b3%d0%b5%d1%80%d0%bc%d0%b0%d0%bd%d0%b8%d1%8f","status":"publish","type":"page","link":"https:\/\/rafus-academy.com\/?lang=de","title":{"rendered":"\u0413\u043b\u0430\u0432\u043d\u0430\u044f-\u0413\u0435\u0440\u043c\u0430\u043d\u0438\u044f"},"content":{"rendered":"\t\t<div data-elementor-type=\"wp-page\" data-elementor-id=\"372\" class=\"elementor elementor-372\" data-elementor-settings=\"[]\">\n\t\t\t\t\t\t\t<div class=\"elementor-section-wrap\">\n\t\t\t\t\t\t\t<section class=\"elementor-section elementor-top-section elementor-element elementor-element-ae70fff elementor-section-full_width elementor-section-height-default elementor-section-height-default\" data-id=\"ae70fff\" data-element_type=\"section\">\n\t\t\t\t\t\t<div class=\"elementor-container elementor-column-gap-no\">\n\t\t\t\t\t<div class=\"elementor-column elementor-col-100 elementor-top-column elementor-element elementor-element-f790b0d\" data-id=\"f790b0d\" data-element_type=\"column\">\n\t\t\t<div class=\"elementor-widget-wrap elementor-element-populated\">\n\t\t\t\t\t\t\t\t<div class=\"elementor-element elementor-element-2cb288e elementor-widget elementor-widget-about_book\" data-id=\"2cb288e\" data-element_type=\"widget\" data-widget_type=\"about_book.default\">\n\t\t\t\t<div class=\"elementor-widget-container\">\n\t\t\t        <style>\r\n            @media (max-width: 700px) {\r\n                .aboutBook {\r\n                    background-image: url(http:\/\/rafus-academy.com\/wp-content\/uploads\/2021\/09\/aboutBlock_mbBg.svg) !important;\r\n                }\r\n\r\n                .aboutBook_title {\r\n                    background-image: url(https:\/\/rafus-academy.com\/wp-content\/uploads\/2022\/12\/headingGe.svg) !important;\r\n\r\n                }\r\n            }\r\n        <\/style>\r\n        <div id=\"aboutBook\" class=\"aboutBook\" style=\"background-image: url(http:\/\/rafus-academy.com\/wp-content\/uploads\/2021\/09\/aboutBook_bg.svg)\">\r\n            <div class=\"aboutBook_container container\">\r\n                <div class=\"aboutBook_infoContainer\">\r\n                    <div class=\"aboutBook_title\"\r\n                         style=\"font-size: 0;  background-image: url(https:\/\/rafus-academy.com\/wp-content\/uploads\/2022\/12\/headingGe.svg)\">\r\n\r\n                        <h1>\u0410\u043d\u0433\u043b\u043e-\u0420\u0443\u0441\u0441\u043a\u0438\u0439 \u0423\u043c\u043d\u044b\u0439 \u0421\u043b\u043e\u0432\u0430\u0440\u044c<\/h1>\r\n\r\n                        <!--<img decoding=\"async\" alt=\"\u0410\u043d\u0433\u043b\u043e-\u0420\u0443\u0441\u0441\u043a\u0438\u0439 \u0423\u043c\u043d\u044b\u0439 \u0421\u043b\u043e\u0432\u0430\u0440\u044c\" src=\"\">-->\r\n                    <\/div>\r\n                    <div class=\"aboutBook_desc\">\r\n\t\t\t\t\t\t<p>Dieses W\u00f6rterbuch ist die gelungene Kombination aus einem traditionellen Buch und neuer Technologien in Form der App <em>Rafus Academy<\/em>.<\/p><p>Das Buch enth\u00e4lt die am h\u00e4ufigsten verwendeten W\u00f6rter und Ausdr\u00fccke, die nach Themen geordnet sind und durch bunte, lebhafte Illustrationen erg\u00e4nzt werden. Das Lehrbuch enth\u00e4lt mehr als 1500 Vokabeln.<\/p><p>Das Bildungsprodukt ist f\u00fcr Kinder ab 6 Jahren.<\/p>                    <\/div>\r\n                    <div style=\"z-index:1; position:relative;\" class=\"aboutBook_buyInfo \">\r\n                        <span class=\"aboutBook_buyInfo_icon\"\r\n                              style=\"background-image: url(http:\/\/rafus-academy.com\/wp-content\/uploads\/2021\/09\/aboutBook_priceTitle.svg)\"><\/span>\r\n                        <a href=\"https:\/\/rafus-academy.com\/#buyBook\" class=\"aboutBook_buyInfo_text additionalAnchor\">Das Buch kaufen<\/a>\r\n                    <\/div>\r\n                <\/div>\r\n                <div class=\"aboutBook_imgWrap\"><img decoding=\"async\" src=\"https:\/\/rafus-academy.com\/wp-content\/uploads\/2022\/12\/aboutBook_bookImage_ge.png\"><\/div>\r\n            <\/div>\r\n        <\/div>\r\n\t\t\t\t<\/div>\n\t\t\t\t<\/div>\n\t\t\t\t\t<\/div>\n\t\t<\/div>\n\t\t\t\t\t\t\t<\/div>\n\t\t<\/section>\n\t\t\t\t<section class=\"elementor-section elementor-top-section elementor-element elementor-element-1a79bd8 elementor-section-full_width elementor-section-height-default elementor-section-height-default\" data-id=\"1a79bd8\" data-element_type=\"section\">\n\t\t\t\t\t\t<div class=\"elementor-container elementor-column-gap-no\">\n\t\t\t\t\t<div class=\"elementor-column elementor-col-100 elementor-top-column elementor-element elementor-element-180a985\" data-id=\"180a985\" data-element_type=\"column\">\n\t\t\t<div class=\"elementor-widget-wrap elementor-element-populated\">\n\t\t\t\t\t\t\t\t<div class=\"elementor-element elementor-element-dc1211b elementor-widget elementor-widget-book_and_app\" data-id=\"dc1211b\" data-element_type=\"widget\" data-widget_type=\"book_and_app.default\">\n\t\t\t\t<div class=\"elementor-widget-container\">\n\t\t\t        <style>\n            @media (max-width: 700px) {\n\n            }\n        <\/style>\n        <div class=\"bookAndApp\" style=\"background-image: url(http:\/\/rafus-academy.com\/wp-content\/uploads\/2021\/09\/bookAndAppBg.svg)\">\n            <div class=\"bookAndApp_img\" style=\"background-image: url(https:\/\/rafus-academy.com\/wp-content\/uploads\/2021\/12\/bookAndAppImg-2.svg)\"><\/div>\n            <div class=\"bookAndApp_infoWrap container\">\n                <div class=\"bookAndApp_infoContainer\">\n\n\n\t\t\t\t\t<p>Die App <em>Rafus Academy<\/em> wurde als interaktive Erg\u00e4nzung zum Buch <em>Englisch-Deutsch Cleveres W\u00f6rterbuch<\/em> entwickelt.<\/p><p>Wenn du das Buch in Verbindung mit der App verwendest, kannst du den besten Effekt beim Einpr\u00e4gen englischer W\u00f6rter erzielen. Die App enth\u00e4lt viele n\u00fctzliche Zusatzinhalte (Audio, Video, Bilder, T\u00f6ne).<\/p>                    <span class=\"bookAndApp_info\"><p>Die App ist KOSTENLOS und enth\u00e4lt keine Werbung.<\/p><\/span>\n\n                <\/div>\n            <\/div>\n        <\/div>\n\t\t\t\t<\/div>\n\t\t\t\t<\/div>\n\t\t\t\t\t<\/div>\n\t\t<\/div>\n\t\t\t\t\t\t\t<\/div>\n\t\t<\/section>\n\t\t\t\t<section class=\"elementor-section elementor-top-section elementor-element elementor-element-f1be1c6 elementor-section-full_width elementor-section-height-default elementor-section-height-default\" data-id=\"f1be1c6\" data-element_type=\"section\">\n\t\t\t\t\t\t<div class=\"elementor-container elementor-column-gap-no\">\n\t\t\t\t\t<div class=\"elementor-column elementor-col-100 elementor-top-column elementor-element elementor-element-bed0552\" data-id=\"bed0552\" data-element_type=\"column\">\n\t\t\t<div class=\"elementor-widget-wrap elementor-element-populated\">\n\t\t\t\t\t\t\t\t<div class=\"elementor-element elementor-element-046f289 elementor-widget elementor-widget-icon_text_blocks\" data-id=\"046f289\" data-element_type=\"widget\" data-widget_type=\"icon_text_blocks.default\">\n\t\t\t\t<div class=\"elementor-widget-container\">\n\t\t\t            <div class=\"quality\">\r\n                <div class=\"quality_container container\">\r\n                    <h2 class=\"quality_heading heading\">Rafus Academy bietet:<\/h2>\r\n                    <div class=\"iconTextBlockList\">\r\n\t\t\t\t\t\t                            <div class=\"iconTextBlock_item-ce0dffc iconTextBlock_item\">\r\n                                <div class=\"iconTextBlock_item_iconWrap\">\r\n                                    <div class=\"iconTextBlock_item_icon\"\r\n                                         style=\"background-image: url(http:\/\/rafus-academy.com\/wp-content\/uploads\/2021\/09\/rafusItIs_icon1.svg)\"><\/div>\r\n                                <\/div>\r\n                                <div class=\"iconTextBlock_item_text\">Eine spielbasierte <\/br>Lernerfahrung<\/div>\r\n                            <\/div>\r\n\t\t\t\t\t\t                            <div class=\"iconTextBlock_item-c7ed34b iconTextBlock_item\">\r\n                                <div class=\"iconTextBlock_item_iconWrap\">\r\n                                    <div class=\"iconTextBlock_item_icon\"\r\n                                         style=\"background-image: url(http:\/\/rafus-academy.com\/wp-content\/uploads\/2021\/09\/rafusItIs_icon2.svg)\"><\/div>\r\n                                <\/div>\r\n                                <div class=\"iconTextBlock_item_text\">Effektives Lernen <\/br>vom Stoff<\/div>\r\n                            <\/div>\r\n\t\t\t\t\t\t                            <div class=\"iconTextBlock_item-467d31e iconTextBlock_item\">\r\n                                <div class=\"iconTextBlock_item_iconWrap\">\r\n                                    <div class=\"iconTextBlock_item_icon\"\r\n                                         style=\"background-image: url(http:\/\/rafus-academy.com\/wp-content\/uploads\/2021\/09\/rafusItIs_icon3.svg)\"><\/div>\r\n                                <\/div>\r\n                                <div class=\"iconTextBlock_item_text\">Hochwertige<\/br> Inhalte<\/div>\r\n                            <\/div>\r\n\t\t\t\t\t\t                            <div class=\"iconTextBlock_item-995f3d5 iconTextBlock_item\">\r\n                                <div class=\"iconTextBlock_item_iconWrap\">\r\n                                    <div class=\"iconTextBlock_item_icon\"\r\n                                         style=\"background-image: url(http:\/\/rafus-academy.com\/wp-content\/uploads\/2021\/09\/rafusItIs_icon4.svg)\"><\/div>\r\n                                <\/div>\r\n                                <div class=\"iconTextBlock_item_text\">Motivation und Interesse <\/br> am Lernen<\/div>\r\n                            <\/div>\r\n\t\t\t\t\t\t                            <div class=\"iconTextBlock_item-0c7f0e6 iconTextBlock_item\">\r\n                                <div class=\"iconTextBlock_item_iconWrap\">\r\n                                    <div class=\"iconTextBlock_item_icon\"\r\n                                         style=\"background-image: url(http:\/\/rafus-academy.com\/wp-content\/uploads\/2021\/09\/rafusItIs_icon5.svg)\"><\/div>\r\n                                <\/div>\r\n                                <div class=\"iconTextBlock_item_text\">Garantiert maximale <\/br>\nErgebnisse<\/div>\r\n                            <\/div>\r\n\t\t\t\t\t\t\r\n                    <\/div>\r\n                <\/div>\r\n            <\/div>\r\n\t\t\t\t\t<\/div>\n\t\t\t\t<\/div>\n\t\t\t\t\t<\/div>\n\t\t<\/div>\n\t\t\t\t\t\t\t<\/div>\n\t\t<\/section>\n\t\t\t\t<section class=\"elementor-section elementor-top-section elementor-element elementor-element-a6c2b63 elementor-section-full_width elementor-section-height-default elementor-section-height-default\" data-id=\"a6c2b63\" data-element_type=\"section\">\n\t\t\t\t\t\t<div class=\"elementor-container elementor-column-gap-no\">\n\t\t\t\t\t<div class=\"elementor-column elementor-col-100 elementor-top-column elementor-element elementor-element-56f6bde\" data-id=\"56f6bde\" data-element_type=\"column\">\n\t\t\t<div class=\"elementor-widget-wrap elementor-element-populated\">\n\t\t\t\t\t\t\t\t<div class=\"elementor-element elementor-element-4fa3b77 elementor-widget elementor-widget-advantages\" data-id=\"4fa3b77\" data-element_type=\"widget\" data-widget_type=\"advantages.default\">\n\t\t\t\t<div class=\"elementor-widget-container\">\n\t\t\t            <style>\r\n                @media (max-width: 550px) {\r\n                    .advantages {\r\n                        background-image: url(http:\/\/rafus-academy.com\/wp-content\/uploads\/2021\/09\/advantagesBgMb.svg) !important;\r\n                    }\r\n\r\n                }\r\n            <\/style>\r\n            <div id=\"appInfo\" class=\"advantages\" style=\"background-image: url(http:\/\/rafus-academy.com\/wp-content\/uploads\/2021\/09\/advantagesBg.svg)\">\r\n                <div class=\"advantages_containerWrap\" style=\"background-image: url(http:\/\/rafus-academy.com\/wp-content\/uploads\/2021\/09\/advantagesBgLines.svg)\">\r\n                    <div class=\"advantages_container container\">\r\n                        <h2 class=\"advantages_heading heading\">Die App Rafus Academy erm\u00f6glicht:<\/h2>\r\n                        <div class=\"iconTextBlockList\">\r\n\t\t\t\t\t\t\t                                <div class=\"iconTextBlock_item-c6ed227 iconTextBlock_item\">\r\n\r\n                                    <div class=\"iconTextBlock_item_icon\"\r\n                                         style=\"background-image: url(http:\/\/rafus-academy.com\/wp-content\/uploads\/2021\/09\/advantage1.svg)\"><\/div>\r\n\r\n                                    <div class=\"iconTextBlock_item_text\"><h3>Audio<\/h3><p>Die korrekte Aussprache von W\u00f6rtern von Muttersprachlern anzuh\u00f6ren<\/p><ul><li>Auswirkungen auf das auditive Ged\u00e4chtnis<\/li><li>Bildung korrekter Aussprache<\/li><\/ul><\/div>\r\n                                <\/div>\r\n\t\t\t\t\t\t\t                                <div class=\"iconTextBlock_item-022d8a1 iconTextBlock_item\">\r\n\r\n                                    <div class=\"iconTextBlock_item_icon\"\r\n                                         style=\"background-image: url(http:\/\/rafus-academy.com\/wp-content\/uploads\/2021\/09\/advantage2.svg)\"><\/div>\r\n\r\n                                    <div class=\"iconTextBlock_item_text\"><h3>Video<\/h3><p>Videos mit Anwendungsbeispielen der W\u00f6rtern im Englischen anzuschauen<\/p><ul><li>Auswirkungen auf das auditive und visuelle Ged\u00e4chtnis<\/li><li>W\u00f6rter im Kontext einpr\u00e4gen<\/li><\/ul><\/div>\r\n                                <\/div>\r\n\t\t\t\t\t\t\t                                <div class=\"iconTextBlock_item-9014ecc iconTextBlock_item\">\r\n\r\n                                    <div class=\"iconTextBlock_item_icon\"\r\n                                         style=\"background-image: url(http:\/\/rafus-academy.com\/wp-content\/uploads\/2021\/09\/advantage3.svg)\"><\/div>\r\n\r\n                                    <div class=\"iconTextBlock_item_text\"><h3>Spiele<\/h3><p>Sich selbst zu testen und den Lernstoff auf spielerische Art und Weise zu festigen<\/p><ul><li>Festigung des Gelernten auf visuelle und auditive Ebene<\/li><li>Freude und Interesse am Lernen<\/li><li>Verbesserung des schriftlichen Ausdrucks (Kreuzwortr\u00e4tsel)<\/li><\/ul><\/div>\r\n                                <\/div>\r\n\t\t\t\t\t\t\t\r\n                        <\/div>\r\n                    <\/div>\r\n                <\/div>\r\n            <\/div>\r\n\t\t\t\t\t<\/div>\n\t\t\t\t<\/div>\n\t\t\t\t\t<\/div>\n\t\t<\/div>\n\t\t\t\t\t\t\t<\/div>\n\t\t<\/section>\n\t\t\t\t<section class=\"elementor-section elementor-top-section elementor-element elementor-element-eb734de elementor-section-full_width elementor-section-height-default elementor-section-height-default\" data-id=\"eb734de\" data-element_type=\"section\">\n\t\t\t\t\t\t<div class=\"elementor-container elementor-column-gap-no\">\n\t\t\t\t\t<div class=\"elementor-column elementor-col-100 elementor-top-column elementor-element elementor-element-9638bc6\" data-id=\"9638bc6\" data-element_type=\"column\">\n\t\t\t<div class=\"elementor-widget-wrap elementor-element-populated\">\n\t\t\t\t\t\t\t\t<div class=\"elementor-element elementor-element-b60c879 elementor-widget elementor-widget-how_app_work\" data-id=\"b60c879\" data-element_type=\"widget\" data-widget_type=\"how_app_work.default\">\n\t\t\t\t<div class=\"elementor-widget-container\">\n\t\t\t\r\n        <div class=\"howAppWork\">\r\n            <div class=\"howAppWork_bg\" style=\"background-image: url(http:\/\/rafus-academy.com\/wp-content\/uploads\/2021\/09\/howAppWorkBg.png)\"><\/div>\r\n            <div class=\"howAppWork_container container\">\r\n                <h2 class=\"howAppWork_heading heading\">So funktioniert die App Rafus Academy:<\/h2>\r\n                <div class=\"howAppWork_info\">\r\n                    <div class=\"howAppWork_textContainer\">\r\n                        <span class=\"howAppWork_textNum\">1<\/span>\r\n                        <div class=\"howAppWork_text\"><p>Lade die App kostenlos aus dem \u201eGoogle Play\u201c oder dem \u201eApp Store\u201c herunter<\/p><\/div>\r\n                    <\/div>\r\n\r\n                    <div class=\"howAppWork_downloadApp\">\r\n                        <a href=\"https:\/\/play.google.com\/store\/apps\/details?id=com.rafusacademy.app&hl=ru\" class=\"howAppWork_downloadApp_button howAppWork_downloadApp_googlePlay\">\r\n                            <img decoding=\"async\" class=\"howAppWork_downloadApp_button_text\" src=\"http:\/\/rafus-academy.com\/wp-content\/uploads\/2021\/09\/googlePlayText.svg\">\r\n                            <span class=\"howAppWork_downloadApp_button_icon\"\r\n                                  style=\"background-image: url(https:\/\/rafus-academy.com\/wp-content\/uploads\/2021\/09\/play-market.png)\"><\/span>\r\n                        <\/a>\r\n                        <img decoding=\"async\" alt=\"\u0418\u043a\u043e\u043d\u043a\u0430 \u043f\u0440\u0438\u043b\u043e\u0436\u0435\u043d\u0438\u044f Rafus Academy\" class=\"howAppWork_appIcon\"\r\n                             src=\"http:\/\/rafus-academy.com\/wp-content\/uploads\/2021\/09\/appIcon.svg\"\/>\r\n                        <a href=\"https:\/\/apps.apple.com\/ru\/app\/rafus-academy\/id1564699644\" class=\"howAppWork_downloadApp_button howAppWork_downloadApp_appStore\">\r\n                            <span class=\"howAppWork_downloadApp_button_icon\"\r\n                                  style=\"background-image: url(https:\/\/rafus-academy.com\/wp-content\/uploads\/2021\/09\/app-store.png)\"><\/span>\r\n                            <img decoding=\"async\" class=\"howAppWork_downloadApp_button_text\" src=\"http:\/\/rafus-academy.com\/wp-content\/uploads\/2021\/09\/appStoreText.svg\">\r\n                        <\/a>\r\n                    <\/div>\r\n\r\n                    <div class=\"howAppWork_textContainer\">\r\n                        <span class=\"howAppWork_textNum\">2<\/span>\r\n                        <div class=\"howAppWork_text\"><p>Scanne den QR-Code zu den Themen im Buch <em>Englisch-Deutsch Cleveres W\u00f6rterbuch<\/em>.<\/p><\/div>\r\n                    <\/div>\r\n                <\/div>\r\n            <\/div>\r\n        <\/div>\r\n        \t\t<\/div>\n\t\t\t\t<\/div>\n\t\t\t\t\t<\/div>\n\t\t<\/div>\n\t\t\t\t\t\t\t<\/div>\n\t\t<\/section>\n\t\t\t\t<section class=\"elementor-section elementor-top-section elementor-element elementor-element-29bb54d elementor-section-full_width elementor-section-height-default elementor-section-height-default\" data-id=\"29bb54d\" data-element_type=\"section\">\n\t\t\t\t\t\t<div class=\"elementor-container elementor-column-gap-no\">\n\t\t\t\t\t<div class=\"elementor-column elementor-col-100 elementor-top-column elementor-element elementor-element-1f62d49\" data-id=\"1f62d49\" data-element_type=\"column\">\n\t\t\t<div class=\"elementor-widget-wrap elementor-element-populated\">\n\t\t\t\t\t\t\t\t<div class=\"elementor-element elementor-element-2197913 elementor-widget elementor-widget-qr_codes\" data-id=\"2197913\" data-element_type=\"widget\" data-widget_type=\"qr_codes.default\">\n\t\t\t\t<div class=\"elementor-widget-container\">\n\t\t\t        <style>\r\n            @media (max-width: 415px) {\r\n                .qrCodes {\r\n                    background-image: url(https:\/\/rafus-academy.com\/wp-content\/uploads\/2021\/12\/qrCodes_mobile.svg) !important;\r\n                }\r\n            }\r\n        <\/style>\r\n        <div class=\"qrCodes\" style=\"background-image: url(http:\/\/rafus-academy.com\/wp-content\/uploads\/2021\/09\/qrCodesBg.svg)\">\r\n            <div class=\"qrCodes_desktop\">\r\n                <div class=\"qrCodes_container container\">\r\n                    <div class=\"qrCodesTitle\">\r\n                        Du hast das Buch nicht zur Hand, aber du willst wissen, wie es funktioniert? Lade die App herunter und scanne die QR-Codes:                    <\/div>\r\n                <\/div>\r\n                <div class=\"qrCodes_telImage\" style=\"background-image: url(https:\/\/rafus-academy.com\/wp-content\/uploads\/2021\/12\/qrCodesTelImg.svg)\"><\/div>\r\n                <img decoding=\"async\" class=\"qrCodes_bookImage\" src=\"https:\/\/rafus-academy.com\/wp-content\/uploads\/2022\/12\/qrCodesBg_ge.png\">\r\n            <\/div>\r\n            <div class=\"qrCodes_mobile\">\r\n                <div class=\"qrCodes_container container\">\r\n                    <div class=\"qrCodesTitle\">\r\n                        Wie funktioniert die App?                    <\/div>\r\n                    <div class=\"qrCodes_videoWrap\">\r\n                        <iframe loading=\"lazy\" class=\"qrCodes_video\" width=\"339\" height=\"191\"\r\n                                src=\"https:\/\/www.youtube.com\/embed\/uzl8Sm7x_Iw\" frameborder=\"0\"><\/iframe>\r\n\r\n                    <\/div>\r\n                <\/div>\r\n            <\/div>\r\n        <\/div>\r\n        \t\t<\/div>\n\t\t\t\t<\/div>\n\t\t\t\t\t<\/div>\n\t\t<\/div>\n\t\t\t\t\t\t\t<\/div>\n\t\t<\/section>\n\t\t\t\t<section class=\"elementor-section elementor-top-section elementor-element elementor-element-3f97963 elementor-section-full_width elementor-section-height-default elementor-section-height-default\" data-id=\"3f97963\" data-element_type=\"section\" data-settings=\"{&quot;background_background&quot;:&quot;classic&quot;}\">\n\t\t\t\t\t\t<div class=\"elementor-container elementor-column-gap-no\">\n\t\t\t\t\t<div class=\"elementor-column elementor-col-100 elementor-top-column elementor-element elementor-element-9901482\" data-id=\"9901482\" data-element_type=\"column\">\n\t\t\t<div class=\"elementor-widget-wrap elementor-element-populated\">\n\t\t\t\t\t\t\t\t<div class=\"elementor-element elementor-element-ab14981 elementor-widget elementor-widget-order_book\" data-id=\"ab14981\" data-element_type=\"widget\" data-widget_type=\"order_book.default\">\n\t\t\t\t<div class=\"elementor-widget-container\">\n\t\t\t        <style>\r\n\r\n        <\/style>\r\n        <div id=\"buyBook\" class=\"orderBook\">\r\n            <div class=\"orderBook_container container\">\r\n                <h2 class=\"orderBook_heading heading\">Das Buch bestellen<\/h2>\r\n                <div class=\"orderBook_infoWrap\">\r\n\t\t\t\t\t\r\n                    <div class=\"orderBook_orderLinks\">\r\n\t\t\t\t\t\t                            <div class=\"orderBook_buttonWrap\">\r\n\t\t\t\t\t\t\t\t                                <a href=\"\"\r\n                                   class=\"orderBook_button-cb57e9c orderBook_button\">\r\n\t\t\t\t\t\t\t\t\tkaufen bei Allegro                                <\/a>\r\n                            <\/div>\r\n\t\t\t\t\t\t                    <\/div>\r\n\r\n                    <!--<div class=\"orderBook_rafusWrap\">\r\n                        <div class=\"orderBook_rafusContainer\">\r\n                            <div class=\"orderBook_rafusImg\"\r\n                                 style=\"background-image: url()\"><\/div>\r\n                            <div class=\"orderBook_rafusText\">\r\n\t\t\t\t\t\t\t\t                            <\/div>\r\n                        <\/div>\r\n                    <\/div>-->\r\n                <\/div>\r\n            <\/div>\r\n        <\/div>\r\n\t\t\t\t<\/div>\n\t\t\t\t<\/div>\n\t\t\t\t<div class=\"elementor-element elementor-element-6dfb94b elementor-widget elementor-widget-our_command\" data-id=\"6dfb94b\" data-element_type=\"widget\" data-widget_type=\"our_command.default\">\n\t\t\t\t<div class=\"elementor-widget-container\">\n\t\t\t        <style>\r\n\r\n        <\/style>\r\n        <div id=\"ourCommand\" class=\"ourCommand\">\r\n            <div class=\"ourCommand_container container\">\r\n\r\n                    <div class=\"ourCommand_img\" style=\"background-image: url(http:\/\/rafus-academy.com\/wp-content\/uploads\/2021\/09\/rafusImg.png)\"><\/div>\r\n\r\n                    <h3 class=\"ourCommand_heading heading\">Unser Team<\/h3>\r\n                    <div class=\"ourCommand_desc\">\r\n                        <p>Das Team der <em>Rafus Academy<\/em> besteht aus erfahrenen Fachkr\u00e4ften wie Lehrern, Linguisten, Kinderpsychologen, Sprechern, Programmierern, Designern und K\u00fcnstlern.<\/p>\n\n<p>Unsere Mission: Den Prozess des Fremdsprachenlernens interessant und effektiv zu gestalten!<\/p>\n\n<div style=\"margin-top: 50px; display:flex; justify-content: center;\">\n\n<h3 class=\"ourCommand_heading heading\">For dealers<\/h5>\n<\/div>\n\n<p style=\"margin-top: 0px;\">We invite for cooperation dealers from different countries. In the \u0435-mail subject please write: \u201cCooperation\u201d<\/p>\n\n\n<hr style=\"background: #EBE9DD; margin-top: 20px; height: 2px;\" \/>                    <\/div>\r\n                    <div class=\"ourCommand_emailWrap\">\r\n                        <span class=\"ourCommand_emailTitle\"><\/span>\r\n                        <a class=\"ourCommand_emailLink\" href = \"mailto: info@rafus-academy.com\">info@rafus-academy.com<\/a>\r\n                    <\/div>\r\n\r\n            <\/div>\r\n        <\/div>\r\n\t\t\t\t<\/div>\n\t\t\t\t<\/div>\n\t\t\t\t\t<\/div>\n\t\t<\/div>\n\t\t\t\t\t\t\t<\/div>\n\t\t<\/section>\n\t\t\t\t\t\t<\/div>\n\t\t\t\t\t<\/div>\n\t\t","protected":false},"excerpt":{"rendered":"<p>\u0410\u043d\u0433\u043b\u043e-\u0420\u0443\u0441\u0441\u043a\u0438\u0439 \u0423\u043c\u043d\u044b\u0439 \u0421\u043b\u043e\u0432\u0430\u0440\u044c Dieses W\u00f6rterbuch ist die gelungene Kombination aus einem traditionellen Buch und neuer Technologien in Form der App Rafus Academy. Das Buch enth\u00e4lt die am h\u00e4ufigsten verwendeten W\u00f6rter und Ausdr\u00fccke, die nach Themen geordnet sind und durch bunte, lebhafte Illustrationen erg\u00e4nzt werden. Das Lehrbuch enth\u00e4lt mehr als 1500 Vokabeln. Das Bildungsprodukt ist f\u00fcr [&hellip;]<\/p>\n","protected":false},"author":1,"featured_media":0,"parent":0,"menu_order":0,"comment_status":"closed","ping_status":"closed","template":"template-home.php","meta":{"footnotes":""},"class_list":["post-372","page","type-page","status-publish","hentry"],"_links":{"self":[{"href":"https:\/\/rafus-academy.com\/index.php?rest_route=\/wp\/v2\/pages\/372"}],"collection":[{"href":"https:\/\/rafus-academy.com\/index.php?rest_route=\/wp\/v2\/pages"}],"about":[{"href":"https:\/\/rafus-academy.com\/index.php?rest_route=\/wp\/v2\/types\/page"}],"author":[{"embeddable":true,"href":"https:\/\/rafus-academy.com\/index.php?rest_route=\/wp\/v2\/users\/1"}],"replies":[{"embeddable":true,"href":"https:\/\/rafus-academy.com\/index.php?rest_route=%2Fwp%2Fv2%2Fcomments&post=372"}],"version-history":[{"count":51,"href":"https:\/\/rafus-academy.com\/index.php?rest_route=\/wp\/v2\/pages\/372\/revisions"}],"predecessor-version":[{"id":533,"href":"https:\/\/rafus-academy.com\/index.php?rest_route=\/wp\/v2\/pages\/372\/revisions\/533"}],"wp:attachment":[{"href":"https:\/\/rafus-academy.com\/index.php?rest_route=%2Fwp%2Fv2%2Fmedia&parent=372"}],"curies":[{"name":"wp","href":"https:\/\/api.w.org\/{rel}","templated":true}]}}